{"id":77,"date":"2008-11-18T00:44:58","date_gmt":"2008-11-18T00:44:58","guid":{"rendered":"http:\/\/rsidea.org\/new\/?page_id=77"},"modified":"2015-08-06T17:41:31","modified_gmt":"2015-08-06T15:41:31","slug":"quarta-news-vetrina","status":"publish","type":"page","link":"https:\/\/www.rsidea.org\/new\/quarta-news-vetrina\/","title":{"rendered":"Night-entertainment"},"content":{"rendered":"<p>RSidea is a professional event planning service and entertainment agency. This includes all aspects of planning, production, and promotion. RSidea has supplied quality entertainment and made thousands of events succesful and memorable for CORPORATIONS, COLLEGES, FESTIVALS, PRIVATE PARTIES and MORE, Nation-wide!<\/p>\n<p><em>RSidea \u00e8 un agenzia professionale\u00a0 di servizi per la pianificazione di un evento e di intrattenimento: tutto ci\u00f2 comprende tutti gli aspetti dalla progettazione, produzione e promozione. RSidea ha fornito intrattenimento di qualit\u00e0 e fornisce migliaia di eventi memorabili e di successo per societ\u00e0, scuole, festival, feste private e molto di pi\u00f9, a livello nazionale!<\/em><br \/>\nLight &amp; Sound System Rental \/ DJ set \/ VJ set<\/p>\n","protected":false},"excerpt":{"rendered":"<p>RSidea is a professional event planning service and entertainment agency. This includes all aspects of planning, production, and promotion. RSidea has supplied quality entertainment and made thousands of events succesful [&hellip;]<\/p>\n","protected":false},"author":1,"featured_media":0,"parent":0,"menu_order":0,"comment_status":"open","ping_status":"open","template":"","meta":{"footnotes":""},"class_list":["post-77","page","type-page","status-publish","hentry"],"_links":{"self":[{"href":"https:\/\/www.rsidea.org\/new\/wp-json\/wp\/v2\/pages\/77","targetHints":{"allow":["GET"]}}],"collection":[{"href":"https:\/\/www.rsidea.org\/new\/wp-json\/wp\/v2\/pages"}],"about":[{"href":"https:\/\/www.rsidea.org\/new\/wp-json\/wp\/v2\/types\/page"}],"author":[{"embeddable":true,"href":"https:\/\/www.rsidea.org\/new\/wp-json\/wp\/v2\/users\/1"}],"replies":[{"embeddable":true,"href":"https:\/\/www.rsidea.org\/new\/wp-json\/wp\/v2\/comments?post=77"}],"version-history":[{"count":9,"href":"https:\/\/www.rsidea.org\/new\/wp-json\/wp\/v2\/pages\/77\/revisions"}],"predecessor-version":[{"id":1743,"href":"https:\/\/www.rsidea.org\/new\/wp-json\/wp\/v2\/pages\/77\/revisions\/1743"}],"wp:attachment":[{"href":"https:\/\/www.rsidea.org\/new\/wp-json\/wp\/v2\/media?parent=77"}],"curies":[{"name":"wp","href":"https:\/\/api.w.org\/{rel}","templated":true}]}}